8)).
2, 3, 5
What are the prime factors of (8 - 1 - -371) + 0?
2, 3, 7
Let c = 33 - 33. Suppose 5*f + f = c. Suppose -5 = 2*w - 1, f = -u + 2*w + 82. List the prime factors of u.
2, 3, 13
Suppose 7 = 2*u - u - z, -2*u = z - 8. Suppose m = 2*v - 526, u*v - 71 = 4*m + 1247. List the prime factors of v.
2, 131
Let a = 161 + -262. Let q = 222 + a. What are the prime factors of q?
11
Suppose -q = 3*q. Let j(a) be the first derivative of -a**2/2 + 13*a + 12. What are the prime factors of j(q)?
13
Suppose 0 = -5*t + 9*t - 5*z - 1817, 1772 = 4*t + 4*z. What are the prime factors of t?
2, 7
Let i = 9 + -5. Suppose 0 = i*d - 5*l - 243, -5*d + 5*l + 310 = -0*l. Let t = d - 35. What are the prime factors of t?
2
Let d(g) = g**3 - 3*g**2 - 3*g - 8. Let m(t) = -t**2 + 3*t + 24. Let y be m(6). List the prime factors of d(y).
2, 41
Let x be 3/(-9) + (-8)/(-6). Let f be -3 - (-46)/x - 3. What are the prime factors of 8/f + (-59)/(-5)?
2, 3
Let u = -3498 + 5070. What are the prime factors of u?
2, 3, 131
Let s(q) = q**2 + 18*q - 173. What are the prime factors of s(-45)?
2, 521
Let q = -1 - 1. Let a = 40 - q. List the prime factors of (72/(-14))/((-9)/a).
2, 3
Let w(j) = 11*j**2 - 4*j. Let g be w(3). Let h be (-1)/(3/(-12)) + 0/(-1). Suppose -h*x + g = -x. What are the prime factors of x?
29
Let x = -69 - 119. Let b be (1/2)/((-23)/276). List the prime factors of 9/6*x/b.
47
Let k(s) = -2*s - 14. Let q be k(-10). Suppose 3*h - 5*h = -4*a, 2*h = -2*a + q. List the prime factors of h.
2
Suppose 0 = -6*v + 12. What are the prime factors of (110 + v)*-3*3/(-9)?
2, 7
What are the prime factors of -5 + 1 - (-858*1 - -6)?
2, 53
Let i = -3483 - -5947. What are the prime factors of i?
2, 7, 11
Let g(b) = b**3 - 17*b**2 + 15*b + 28. Let i be g(16). Let l = 33 - -17. What are the prime factors of l/8 + 9/i?
7
Let v(b) = b - 2. Let j be v(0). Let l be (-7)/(-2) + j/4. Suppose -4*o = l*x - 94, 2*o + x = o + 24. What are the prime factors of o?
2, 11
Let y(x) = 8*x**2 - 8*x - 27. What are the prime factors of y(-5)?
3, 71
Let t = -5 + 8. Let i(f) be the first derivative of 4*f**3/3 + f**2 - 2*f - 15. What are the prime factors of i(t)?
2, 5
Let g = 122 + -60. Suppose 0 = g*f - 67*f + 740. List the prime factors of f.
2, 37
Let v = 3 + -4. Let z(l) = -10*l - 24*l + 1 + 2 - 2. What are the prime factors of z(v)?
5, 7
Suppose -63*g = -62*g - 1167. What are the prime factors of g?
3, 389
Let x be ((-56)/(-21))/((-2)/(-9)). Let n = -12 + x. Suppose n*v + 102 = 3*v. List the prime factors of v.
2, 17
Let w(q) = 2*q + 9*q**2 - 3*q + 2*q - 2. Suppose -3*c + 14 = -4*a - 6*c, 4*c + 10 = -a. What are the prime factors of w(a)?
2
Let t = 108 + -114. List the prime factors of (-146)/t + (-1 - (-25)/15).
5
Suppose -3*n = 4*a - 61, 2*n = -a + 22 - 3. Let z = a - 10. Suppose 9 = -3*r, 5*r = z*s - 23 - 37. What are the prime factors of s?
3, 5
Let z(x) = -473*x + 168. List the prime factors of z(-5).
17, 149
Suppose 0 = -25*u - 5*u + 15960. What are the prime factors of u?
2, 7, 19
Let p(h) = -142*h - 215. List the prime factors of p(-13).
7, 233
Let a(q) = q**3 - 7*q**2 - 8*q - 3. Let k be a(8). List the prime factors of 1 + -4 + k + 100.
2, 47
Suppose -6*g + 41066 = 16526. What are the prime factors of g?
2, 5, 409
Suppose 2*p + 95 = -3*p. Let f = -59 + 96. Let s = p + f. What are the prime factors of s?
2, 3
Let q be (45/(-10))/(5/4 - 2). What are the prime factors of q + -3 - -222 - 8/(-2)?
229
Suppose 0 = -4*f + 2 + 18. Suppose 3*v = k - 70, f*k - 3*v + 2*v - 378 = 0. What are the prime factors of k?
2, 19
Let f(h) = 5*h**2 - 64*h - 39. List the prime factors of f(19).
2, 5, 11
Let u = -13 + 16. Suppose -v = -3*m - 59, -3*v + m + 166 = u*m. Suppose -6*l + v = -112. List the prime factors of l.
2, 7
Let k(l) = l + 5. Let a be k(3). List the prime factors of (1 + 0 + -7 + a)*13.
2, 13
Let p(k) = 63*k**2 - 3*k - 2. Let g(a) = 62*a**2 - 4*a - 2. Let m(u) = -6*g(u) + 7*p(u). What are the prime factors of m(1)?
2, 5, 7
Let x(j) = -19*j - 5. Let t be x(-1). Suppose 44 = 15*u - t*u. What are the prime factors of u?
2, 11
Let v = -60 + 133. Let q = -63 + v. List the prime factors of q.
2, 5
Let h = 170 - 4. Suppose -3*c + 2*c = -h. What are the prime factors of c?
2, 83
Let s = 45 + -39. Suppose -5*i - h + 265 = -s*h, 0 = 2*h + 10. What are the prime factors of i?
2, 3
What are the prime factors of 1*4/18 - (-88395)/135?
5, 131
Let y = 223 + 69. What are the prime factors of y/(-3)*39/(-26)?
2, 73
Let h be (-18)/(-2) + (4 + -3)*-3. Suppose -4*m = -h*m + 20. What are the prime factors of m?
2, 5
What are the prime factors of (-1)/(-1*12/35028)?
3, 7, 139
Let h(g) = g**2 - 8*g - 9. Let r be h(9). Let b(s) = r*s**2 + 0 + 10*s - 1 + s**2 + s**2. List the prime factors of b(-7).
3
Let k = 3577 - 599. What are the prime factors of k?
2, 1489
Suppose -4*l = -4*b + 28, 3*b - b - l - 9 = 0. What are the prime factors of (-1)/(3*b/(-1026))?
3, 19
Suppose 2*s - 79 = 5*k, -2*s + 226 = 3*s - 3*k. Let t = s - 42. List the prime factors of t.
5
Let m = 1037 + -979. Let j(v) = v**2 - 3*v - 8. Let y be j(6). Let o = y + m. List the prime factors of o.
2, 17
Suppose -17*p - 3*p + 9660 = 0. List the prime factors of p.
3, 7, 23
Let o(t) = -t + 10. Let k be o(0). Suppose l - 27 = -3*f, -5*f - 4 - 1 = 0. Let n = k + l. What are the prime factors of n?
2, 5
List the prime factors of ((-2408)/147 + (-6)/21)*-69.
2, 5, 23
Suppose -28*g + 25*g + 12 = 0. Let n(x) = -14*x + 2. Let t(r) = -14*r + 3. Let h(w) = -6*n(w) + 5*t(w). What are the prime factors of h(g)?
59
Let k = 192 + -108. Let r = k - -71. What are the prime factors of r?
5, 31
Let g be -6*2/8*-82. Let z = -73 + g. What are the prime factors of (-1 - -3) + (z - 7)?
3, 5
Suppose 998 = p - 1150. List the prime factors of p.
2, 3, 179
Let q(a) = -223*a + 71. What are the prime factors of q(-11)?
2, 631
Let a(t) = t**2 - 8*t + 6. Let w be a(5). Let v(j) = -j**3 - 10*j**2 - 10*j - 5. Let r be v(w). Suppose -r*c + 54 = -3*c. List the prime factors of c.
2, 3
What are the prime factors of (-6408)/(-7) - (240/(-28) - -9)?
3, 5, 61
Suppose 7077 = 4*z - 4*n - 967, -2*z - 3*n = -4017. What are the prime factors of z?
2, 3, 5, 67
What are the prime factors of (-2)/(98/21) - (-26466)/14?
2, 3, 5, 7
Let b(z) = -36*z - 36. Let i(q) = q + 1. Let s(a) = -b(a) - 45*i(a). Suppose 0 = 3*t - 5*g + 6, -3*g - 2 = -t - 0*g. What are the prime factors of s(t)?
2, 3
Let x(i) = 6*i - 10. Let l be x(2). Suppose -l*p + 3*j + 365 = 0, 0 = 3*j + 7 + 2. What are the prime factors of p?
2, 89
Suppose -4*k = -29 - 211. Suppose -q = -2*q + k. What are the prime factors of q?
2, 3, 5
Suppose -5*n + 8*r + 20 = 3*r, 4*r - 47 = -5*n. Suppose 0 = 2*c - n*c + 55. List the prime factors of c.
11
Let j(c) = -17 + 18*c + 39 - c**2 - 18. List the prime factors of j(13).
3, 23
Suppose 10*a - a - 18 = 0. Let n = a - -82. List the prime factors of n.
2, 3, 7
Let p be (16/(-20))/(4/(-10)). Let d(y) = -y**3 + 8*y**p - y - 4 - y - 5 + 0*y**3. What are the prime factors of d(7)?
2, 13
List the prime factors of 2/(-14)*4*(-252042)/204.
2, 353
Suppose 4*f - 10*f = 54. Let t(h) = h**2 + 4*h + 1. What are the prime factors of t(f)?
2, 23
Let v = 20 + -18. Suppose 4*t - v + 22 = 4*b, b = -5. What are the prime factors of (-10 - t) + (-12)/(-1)?
2, 3
Let g(w) be the second derivative of 2*w**3/3 + 53*w**2/2 - 5*w - 1. What are the prime factors of g(15)?
113
Suppose 28 = -4*b - 20. List the prime factors of (-4)/(-6) - 748/b.
3, 7
List the prime factors of 1 + 6/3 - -188*2.
379
Suppose -3*h + 4*r = -3838, -5*h - r = -10*h + 6374. What are the prime factors of h?
2, 7, 13
Let c = 729 - 719. What are the prime factors of c?
2, 5
Suppose -21*w + 7574 = -5866. List the prime factors of w.
2, 5
Suppose 2*z + 12*p = 7*p + 2875, 2*z - 5*p - 2865 = 0. What are the prime factors of z?
5, 7, 41
What are the prime factors of 6/(-5)*(2 + 60074/(-42))?
2, 857
Let h(r) = -2*r**3 - 4*r**2. Let k be h(-5). Suppose 6 - k = 4*l. Let v = l - -63. List the prime factors of v.
3
Let b(v) = 21*v**3 + 4*v**2 - 4*v + 17. What are the prime factors of b(4)?
1409
Suppose -2*t + 26 = y + 2*t, -25 = -y - 5*t. Suppose 2*o = o. Suppose l + 41 + 23 = 2*v, o = v - l - y. List the prime factors of v.
2, 17
Suppose -47*v + 37716 + 33301 = 0. Wha